50
Let v(r) = -2*r**3 - 20*r**2 + 60*r - 25. Give v(-13).
209
Let d(j) = -2*j**2 - 12963*j + 103825. Determine d(8).
-7
Let y(z) = -4885*z + 78999. Calculate y(16).
839
Let c(m) = -3*m**2 + 35099*m + 175577. Give c(-5).
7
Let y(z) = -10736*z + 1288236. Give y(120).
-84
Let y(z) = 254013*z + 1524077. Determine y(-6).
-1
Let u(p) = 2775*p - 94386. What is u(34)?
-36
Let n(z) = -48*z**3 + 7*z**2 - 8*z - 15. What is n(2)?
-387
Let r(j) = 2*j**2 - 1627*j + 6494. What is r(4)?
18
Let q(o) = 2*o**3 + 539*o**2 + 85*o - 49508. What is q(-269)?
-12
Let a(q) = 224*q + 1585. Calculate a(-7).
17
Let s(n) = 19*n**3 + 2*n**2 - 144*n + 490. Determine s(4).
1162
Let v(p) = -p**2 - 16593*p - 99523. Give v(-6).
-1
Let v(p) = -35*p**2 + 219*p - 211. Determine v(5).
9
Let h(b) = b**2 + 109*b + 897. What is h(-13)?
-351
Let l(a) = 62280*a - 435959. What is l(7)?
1
Let c(k) = k**3 - 13*k**2 - 10903*k + 98461. Determine c(9).
10
Let c(i) = 255*i**2 - 4852*i + 81. Determine c(19).
-52
Let o(a) = -2*a**3 - 168*a**2 - 654*a - 40106. Give o(-83).
398
Let b(m) = -3*m**2 - 224*m - 90. Give b(-82).
-1894
Let o(d) = 259*d + 808. Determine o(-5).
-487
Let x(t) = -23137*t - 92849. What is x(-4)?
-301
Let x(j) = 7*j**3 - 314*j**2 - 6*j - 663. Give x(45).
1092
Let s(q) = 24266*q - 169864. Calculate s(7).
-2
Let y(s) = -7996*s + 103948. Give y(13).
0
Let x(f) = 2731602*f + 13658010. Calculate x(-5).
0
Let m(o) = -2*o**3 + 162*o**2 - 1079*o - 69. Determine m(7).
-370
Let t(l) = -83564*l + 2089104. Calculate t(25).
4
Let p(k) = -k**3 + 89*k**2 + 867*k - 183. Calculate p(-9).
-48
Let j(i) = 4323*i**2 - 842986*i + 203. What is j(195)?
8
Let w(o) = -2*o**2 + 665*o + 6885. What is w(-10)?
35
Let b(s) = 1214*s + 14294. Give b(-12).
-274
Let k(w) = 4*w**3 - 5*w**2 - 63*w - 197. Calculate k(-4).
-281
Let b(q) = 722*q - 4116. Give b(4).
-1228
Let l(y) = -y**2 - 3293*y + 1887892. Determine l(498).
-26
Let p(v) = -64465*v - 1353770. Calculate p(-21).
-5
Let a(l) = -3*l**3 - 2*l**2 - 135*l + 959. Determine a(7).
-1113
Let f(o) = -3*o**2 - 252*o - 2210. Determine f(-74).
10
Let n(x) = x**2 - 20*x - 566. Calculate n(73).
3303
Let a(l) = 4*l**2 - 47*l - 386. What is a(-7)?
139
Let g(f) = -f**3 + 34798*f**2 - 173991*f + 129. What is g(5)?
-1
Let n(c) = -11*c**2 - 63*c + 2698. Calculate n(13).
20
Let v(d) = -d**2 + 152*d - 4178. Determine v(35).
-83
Let u(m) = -81415*m + 976986. Determine u(12).
6
Let n(o) = 17*o**2 + 271*o + 396. Give n(-19).
1384
Let a(h) = -h**2 - 463*h - 52100. Determine a(-193).
10
Let q(k) = 3*k**2 + 2304*k - 274878. What is q(105)?
117
Let x(o) = -11*o**2 + 25*o + 1893. Determine x(-12).
9
Let c(f) = -1196*f - 295414. Determine c(-247).
-2
Let z(t) = 291*t - 9111. What is z(32)?
201
Let g(y) = 363*y - 37222. Give g(102).
-196
Let d(g) = 21*g**2 + 33*g + 58. What is d(-6)?
616
Let t(k) = 323*k + 49571. Calculate t(-154).
-171
Let r(h) = h**3 + 15*h**2 + 247*h + 2566. Calculate r(-12).
34
Let t(w) = -9*w**2 + 71*w + 259. Calculate t(14).
-511
Let x(h) = 2*h + 1247. What is x(-69)?
1109
Let o(v) = 64*v**2 + 5240*v + 4603. What is o(-81)?
67
Let i(l) = -37*l - 1550. What is i(-76)?
1262
Let x(j) = -4*j**2 - 6189*j + 227994. What is x(36)?
6
Let j(c) = 849*c**2 - 180*c + 180. Determine j(1).
849
Let j(v) = -v**3 - 274*v**2 + 180158*v + 6409. What is j(-583)?
-4
Let g(d) = -d**3 - 174*d**2 + 2029*d - 1121. Determine g(-185).
-11
Let t(b) = -b**3 - 18*b**2 - 154*b - 13. What is t(-12)?
971
Let t(w) = -w**3 - 50*w**2 - 86*w + 488. Determine t(-48).
8
Let g(i) = -3*i**3 - 29*i**2 - 2026*i - 9762. Calculate g(-5).
18
Let k(o) = 10*o**2 - 70*o - 851. Calculate k(16).
589
Let f(a) = a**3 + 66*a**2 - 399*a - 2705. Determine f(-71).
419
Let c(x) = -9*x**2 + 922*x - 3703. What is c(4)?
-159
Let z(s) = s**3 + 18*s**2 + 1381*s + 25130. Calculate z(-18).
272
Let x(m) = -2*m**3 - 30*m**2 + 2937*m + 44061. Determine x(-15).
6
Let m(d) = -56*d + 10. Calculate m(-6).
346
Let i(o) = 137*o - 1508. Determine i(8).
-412
Let o(g) = 50*g**3 + 39549*g**2 - 811*g - 15832. What is o(-791)?
-12
Let u(l) = 1082*l + 57344. Give u(-53).
-2
Let b(n) = -2826*n + 30335. Give b(11).
-751
Let t(s) = s**3 + 84*s**2 + 72*s - 812. Give t(-83).
101
Let u(o) = 7*o**3 - 191*o**2 - 26*o + 2145. Give u(27).
-15
Let z(m) = 49290*m - 591784. Determine z(12).
-304
Let v(i) = 3*i**2 - 15884*i + 1205279. Determine v(77).
-2
Let h(k) = -2054*k + 1265143. What is h(616)?
-121
Let m(p) = 28738*p - 172515. Calculate m(6).
-87
Let l(k) = -77*k**2 - 743*k - 134. Give l(-10).
-404
Let j(i) = 47*i**2 - 155*i + 771. Determine j(4).
903
Let h(x) = -103710*x + 21571671. What is h(208)?
-9
Let p(m) = 35179*m - 209703. Give p(6).
1371
Let y(f) = 23*f**2 - 21229*f + 455897. Give y(22).
-9
Let x(t) = -3816*t - 412755. Calculate x(-108).
-627
Let y(j) = -8*j**3 - 118*j**2 - 433*j. Give y(-7).
-7
Let l(v) = 154*v + 4095. Calculate l(-30).
-525
Let b(c) = c**3 - 35*c**2 + 172*c + 1244. What is b(12)?
-4
Let q(z) = 3036*z + 11770. Determine q(-4).
-374
Let r(s) = -s**3 + 143*s**2 - 3093*s - 699. Calculate r(27).
354
Let k(y) = -23*y**3 - 161*y**2 - 13*y - 131. Calculate k(-7).
-40
Let j(u) = -2*u**3 - 189*u**2 - 3841*u - 396. Give j(-65).
-6
Let k(b) = -5312*b - 152827. What is k(-29)?
1221
Let i(f) = -161*f**2 - 439*f - 1779. Determine i(-4).
-2599
Let y(s) = 22470*s**2 + 269633*s - 63. Calculate y(-12).
21
Let h(r) = 7*r**2 + 19*r - 121. Determine h(-6).
17
Let n(p) = 4*p**2 + 99*p + 1137. Give n(-11).
532
Let i(l) = -761*l + 68001. Determine i(89).
272
Let y(a) = -17*a**2 + 453*a + 45. Give y(27).
-117
Let k(d) = -168665*d - 5228626. Give k(-31).
-11
Let w(b) = 2943*b - 353156. What is w(120)?
4
Let v(d) = 4*d**3 + 308*d**2 - 392*d + 18930. Determine v(-79).
-30
Let c(v) = -v**2 - 1263*v - 92415. Calculate c(-78).
15
Let z(s) = s**3 + 21*s**2 - 146*s - 254. Determine z(8).
434
Let s(w) = -10978*w + 65875. Calculate s(6).
7
Let j(g) = 4*g**2 - 12107*g - 279187. What is j(-23)?
1390
Let g(t) = -120*t + 26258. Calculate g(220).
-142
Let v(n) = 7*n**3 + 6*n**2 - 268*n + 1317. What is v(5)?
1002
Let c(x) = x**3 - 88*x**2 + 58*x + 9749. Give c(86).
-55
Let y(d) = -d**3 - 194*d**2 - 6955*d + 12241. Give y(-50).
-9
Let u(s) = -5611*s + 241290. Determine u(43).
17
Let i(x) = -37895*x - 454746. Give i(-12).
-6
Let y(t) = -7087*t - 155919. Calculate y(-22).
-5
Let w(g) = 180*g**3 + 15*g**2 + 3*g + 18. Give w(-3).
-4716
Let n(l) = -9649*l - 704386. What is n(-73)?
-9
Let i(u) = 1409*u + 22619. Give i(-16).
75
Let o(d) = -5*d**2 + 6080*d - 18229. Give o(3).
-34
Let w(m) = 144495*m - 1444830. Determine w(10).
120
Let o(y) = -657*y - 94616. Determine o(-144).
-8
Let p(o) = 267722*o + 803160. Calculate p(-3).
-6
Let o(x) = -4*x**2 - 27649*x + 415613. Determine o(15).
-22
Let b(g) = -6*g**2 + 369*g - 3437. Give b(50).
13
Let j(l) = -5*l**2 + 981*l + 10969. Calculate j(-12).
-1523
Let y(o) = 116759*o + 5837943. Determine y(-50).
-7
Let p(i) = -2*i**3 + 72*i**2 - 660*i + 25. What is p(18)?
-191
Let a(q) = 2*q**3 + 754*q**2 - 20956*q - 268. Calculate a(-403).
-268
Let v(n) = 661*n + 226636. Give v(-343).
-87
Let u(l) = l**3 - 17*l**2 + 4688*l - 27758. What is u(6)?
-26
Let u(d) = -744*d - 316354. What is u(-425)?
-154
Let v(l) = -186*l - 5553. Determine v(-29).
-159
Let f(x) = 18249*x + 109904. What is f(-6)?
410
Let y(t) = 1821*t + 23593. Calculate y(-13).
-80
Let p(l) = -12*l**3 + 70*l**2 - 7671*l + 46127. What is p(6)?
29
Let v(h) = -3667*h + 80613. Determine v(22).
-61
Let b(o) = o**2 - 198753*o + 1589979. What is b(8)?
19
Let v(c) = 18*c**3 + 324*c**2 + 22*c + 383. Determine v(-18).
-13
Let y(d) = 4*d**3 + 367*d**2 + 7105*d + 147. Calculate y(-64).
83
Let d(b) = 5*b**3 - 6*b**2 - 20*b - 23. What is d(5)?
352
Let j(b) = -b**2 - 1179*b + 118155. What is j(93)?
-141
Let l(g) = 282*g + 3932. Determine l(-14).
-16
Let b(x) = 4*x**3 - 293*x**2 + 1157*x + 234. What is b(69)?
-870
Let t(g) = g**2 - 1331*g + 257409. Give t(235).
-151
Let p(h) = -10*h**2 + 348*h + 443. What is p(36)?
11
Let n(i) = i**3 + 291*i**2 - 4914*i + 219. Calculate n(-307).
833
Let c(q) = q**2 - 208*q - 147606. Determine c(-294).
-18
Let j(w) = w**3 - 1924*w**2 + 9591*w + 19. Determine j(5).
-1
Let h(x) = 47*x**2 - 12*x - 14. Calculate h(-2).
198
Let u(q) = 2*q**2 + 11276*q - 56348. Dete